Let x = 346 - 104. What is the tens digit of x?
4
Let k(z) = z**3 - 6*z**2 - 7*z + 5. Let w be 4/14 + 235/35. Let h be k(w). Suppose q = h*y - 1 - 12, 4*q = 5*y - 7. What is the units digit of y?
3
Let o(l) = 4*l**3 + 13*l**2 + 2*l - 9. Let p(z) = 3*z**3 + 12*z**2 + z - 9. Let r(x) = -2*o(x) + 3*p(x). What is the units digit of r(-10)?
1
Let p = -186 + 384. What is the units digit of p?
8
Let v(q) be the third derivative of -q**6/120 - q**5/30 - q**4/12 - q**3/2 - q**2. What is the units digit of v(-2)?
1
Suppose 3*d + 139 = n, 524 = 2*n + 2*n + 4*d. What is the units digit of n?
3
Let k be 3 - -1*(0 + 2). Suppose 4*a = -8, 3*w + k*a = 4*w - 14. What is the units digit of w/(-2) - -4 - -3?
5
Let s(g) = -3*g**3 - 8*g**2 + 3*g + 5. What is the units digit of s(-4)?
7
Let m(x) = 2*x + 2. Let b be m(-4). What is the units digit of (-4 + 0)/(b/27)?
8
Let b = -1 - 1. Let u be ((-2)/(-2))/(b/2). What is the units digit of 2 + (-5)/1*u?
7
Suppose 2*t - 7 = -2*p + 3*t, 4*p - 3*t - 17 = 0. Let h = -4 + p. Let a = 2 - h. What is the units digit of a?
4
Suppose 2*c = 3*r - 0 + 2, 0 = -5*r. What is the units digit of -2*(c + 2 + -6)?
6
Let i(g) = -g**2 - 9*g - 9. Let t(x) = -7*x**2 - x. Suppose 5*j - 8 = 3*n - 1, -4*j - n = 8. Let b be t(j). What is the units digit of i(b)?
9
Suppose 5*h = 5 + 5. Suppose 4*i - 3*c + h*c = 112, 16 = -4*c. What is the tens digit of i?
2
What is the units digit of 3*(-394)/(-12) + 2/(-4)?
8
Let b(a) = -a**3 + a**2 - 30. Let k be b(0). Let w = -10 - k. What is the units digit of w?
0
Let u be 4 - -1*2/2. Suppose -p + 2*p - 1 = -u*j, -3*p = -3. Suppose -f + 6*f - 25 = j. What is the units digit of f?
5
Suppose 0 = 2*m - d + 8, 5 = -3*m - d + 3. What is the units digit of m/(-3)*96/2?
2
Let x(k) = k**3 + 11*k**2 + 11*k + 14. Let z be x(-10). Suppose 2*l - 27 - 4 = -3*t, -l = -z*t + 56. What is the units digit of t?
3
Let l = 9 + -12. What is the units digit of 1/(l/81*-3)?
9
Suppose -f - 68 = -4*y, y + 3*f + 0*f = 17. Suppose 0 = -4*c + 4*t + 2 + 10, 0 = -5*c + 4*t + y. Let l = c - 3. What is the units digit of l?
2
Let f = 3 - 2. Let z be f + (-1 - -1) + 0. What is the units digit of (1 - -6 - z) + 1?
7
Let s(d) = 19*d**3 - 2*d**2 + 2*d. Let v be s(1). Let b = 32 - v. What is the units digit of b?
3
Let w(b) = -7*b**3 - b**2 - b - 1. Let f be w(-1). Let j = f - 6. Suppose j*x = 5*x - 15. What is the units digit of x?
3
What is the tens digit of (19/3)/(1/3)?
1
Suppose 0 = -j + 5*j - 12. Suppose q = 3*d - 21, j*q + 13 = 2*d + 2*q. What is the units digit of d?
8
What is the units digit of (3 + (-162)/4)*(-8)/10?
0
Let x = 3 + -4. Let s be (x/(-2))/((-3)/6). What is the units digit of s + -1 + (-1 - -12)?
9
Let n be -15*(4/6)/(-2). Suppose -a = n*m + 7 - 96, 5*m + 4*a = 101. What is the units digit of m?
7
What is the tens digit of 24/(-28)*(-63)/3?
1
Suppose -5*o + 4*c = 5*c - 17, -2*o + 16 = 5*c. Let z = o - 2. What is the units digit of z?
1
Suppose -4*l + 127 = 5*u - 31, -3*u = -2*l + 90. Let v = l - 25. What is the units digit of v?
7
Suppose 13 = 5*f - 2. Suppose 4*v - a - 23 = 0, 0*v + v = 2*a - f. Suppose 2*p - v = -3. What is the units digit of p?
2
Suppose -5*z = -234 + 74. What is the tens digit of z?
3
Let g(z) = 6*z - 3. What is the tens digit of g(3)?
1
Suppose 3*g - 4 = 2*m, -2*g + 7*g = 4*m + 8. Suppose u + 3*q = -4*u + 31, g = 4*u - 2*q - 16. What is the units digit of u?
5
Suppose 3 = 4*k - 5*k. Let f(a) = -a**3 - 3*a**2 - a - 2. Let d be f(k). Let n(w) = 2*w**3 + w**2 - w. What is the units digit of n(d)?
2
Let q = 3 - 14. Suppose 0 = -2*k + t - 4*t - 59, k + t + 27 = 0. Let h = q - k. What is the tens digit of h?
1
Let a = -6 + 8. Let f(s) = -2*s**2 - 3*s - 2. Let n be f(-2). Let u = a - n. What is the units digit of u?
6
Suppose 5*h - 22 = -12. What is the units digit of h?
2
Suppose -g + 236 + 15 = 0. What is the hundreds digit of g?
2
Let w = -4 - -2. What is the units digit of 52/3 + w/(-3)?
8
Let h = 4 + -4. What is the units digit of 1 + 0 + (h - -8)?
9
Suppose -3*z = z - 40. Suppose 0 = 2*g + 3*g - z. Suppose -4*r + g*r = -10. What is the units digit of r?
5
Let p(u) be the third derivative of -u**6/120 - u**5/10 - u**4/4 - u**3/6 + u**2. What is the units digit of p(-5)?
4
Suppose 0 = 5*h + l + 29, -6 = -h - h + 4*l. Let j = h - -15. What is the units digit of j?
0
Suppose 3*d = 12 + 9. Suppose 3*b = -5*w - 29, b - d - 10 = 5*w. Let i = 8 + b. What is the units digit of i?
5
Let m(b) = 9*b**2 - 1. Let c be m(1). Suppose -c = -2*l - 2*w - 0*w, -5*l + 6 = -2*w. What is the units digit of l?
2
Let g(j) = 58*j. Let y be g(1). Let p = 100 - y. What is the units digit of (p/(-12))/((-2)/4)?
7
Suppose -2*w + 3 = -1. Let u be (10/(-5))/(w/(-4)). Suppose 24 + 19 = 4*j - q, -2*j + 26 = u*q. What is the units digit of j?
1
What is the units digit of ((-3)/6)/(2 + (-3465)/1730)?
3
Let i = 45 - -38. What is the tens digit of i?
8
Suppose 5*v - 5*j - 485 = 0, 6*j + 25 = j. What is the units digit of v?
2
Suppose k = 1 + 3. Suppose r = -r + k. Suppose -w + r*w - 10 = 0. What is the tens digit of w?
1
Suppose -p + 2 = -s, -2*s - 9 = -0*s - p. What is the tens digit of (-136)/s + 3/(-7)?
1
Suppose -2*g = -10 + 2. Let s(z) = 0*z + 2*z**2 - 1 + z + g. What is the units digit of s(-3)?
8
Suppose 0 = -4*c - c. Let b = c + 11. What is the tens digit of b?
1
Suppose 4*l + 12 = 5*g, 0*g = 4*g - l - 14. Let d be 52/g - 2/2. Suppose 6*c - 2*c = d. What is the units digit of c?
3
What is the tens digit of ((-142)/(-6))/((-1)/(-3))?
7
What is the tens digit of -8*1/3*(-4 - 35)?
0
Suppose 5*x = 4*o + 169, -o + 189 = 5*x - 0*o. What is the tens digit of x?
3
Suppose 4*t - 3*g = -253, 0*g = 4*t + 2*g + 238. Let l = t + 89. What is the tens digit of l?
2
Let w(y) be the second derivative of y**5/20 + 5*y**4/6 + 7*y**3/6 + 9*y**2/2 - 6*y. What is the units digit of w(-9)?
7
Let u be 3/(-12) - 5/(-4). Let s = 8 - u. Let t = s - 3. What is the units digit of t?
4
Let r(g) = -g**2 - 8*g - 4. Let x be r(-6). Let u(v) = -v**2 - 5*v + 6. Let d be u(-5). Let a = x - d. What is the units digit of a?
2
Let j(q) = -q - 2. Let f be j(0). What is the units digit of (39/6)/(f/(-4))?
3
Suppose 4*m - 26 = -d + 4, 2*m = -d + 34. What is the units digit of d?
8
Let w = -9 + 7. Let h be (-18)/(-4) + w/(-4). Let a = h - 4. What is the units digit of a?
1
Suppose 0 = -6*t + 3*t. What is the tens digit of 3/(-9)*t + 25?
2
Let j(c) = c + 162. What is the hundreds digit of j(0)?
1
Let w(v) = v + 10. Let q be w(-7). Let n be 18/q - (1 + 0). Let s = n - -1. What is the units digit of s?
6
Let i be (-6)/(-8) + 147/28. Let j(b) = -3*b + 1. Let h(p) = -7*p + 3. Let n(g) = -4*h(g) + 9*j(g). What is the units digit of n(i)?
3
Let r(f) = -f**2 + 5. Suppose 0 = 3*b + b. Let y be r(b). What is the units digit of -4*2/y*-5?
8
Suppose -4*t - 12 = -5*u + 15, -4*u - t = -30. What is the units digit of u?
7
Let m = 329 - 106. What is the hundreds digit of m?
2
Suppose 2*b - b = 5. Let d be ((-14)/4)/(b/(-10)). Let u = d + 3. What is the units digit of u?
0
Suppose 56 + 154 = 3*t. What is the tens digit of t?
7
Suppose -3*d = -4*d - 3*l + 44, l = -2*d + 68. Suppose -20 = -2*m - p, m + 3*m - 2*p - d = 0. What is the units digit of m?
9
Let w = 3 - 3. Let c be 1/(1 - 3/4). Suppose w = -c*x - x + 60. What is the tens digit of x?
1
Let p be (-12)/7 + 4/(-14). Let w = 10 - 9. What is the units digit of (p - -5) + w/(-1)?
2
Suppose 5*j + 73 = 183. Suppose 0 = r - 5, 0 = 3*d - 6*d + 4*r + j. Suppose 6 = 4*z - d. What is the units digit of z?
5
Suppose 2*u = u - 2, -4*l + 40 = -2*u. What is the units digit of l?
9
Let q(h) = -h - 5. Let j be q(-5). Suppose -p - 80 = -3*p + 2*w, 3*p - w - 122 = j. Suppose 5*s - 52 = f, -4*s + 0*f + f = -p. What is the units digit of s?
1
Suppose 4*c - 2*p - 234 = 0, c - p = 4*c - 183. What is the units digit of c?
0
Let b be 3/1 + (1 - 1). Suppose c + b*c = 8. What is the units digit of -2*((-2)/c + 0)?
2
Let q = 87 + 10. What is the tens digit of q?
9
Suppose 3*a - 4 - 5 = 0. Let y = a + 13. Let d = y + -10. What is the units digit of d?
6
Let a = 72 - -48. What is the tens digit of a?
2
Let y(g) = -g**3 - 6*g**2 - g - 3. Let r be y(-6). Let i be (5/(-15))/(1/r). Let q = i - -2. What is the units digit of q?
1
What is the tens digit of 153/1*